{"id":3,"date":"2022-04-21T07:11:04","date_gmt":"2022-04-21T07:11:04","guid":{"rendered":"https:\/\/eager-ardinghelli.95-154-219-107.plesk.page\/?page_id=3"},"modified":"2022-12-07T11:36:03","modified_gmt":"2022-12-07T11:36:03","slug":"privacy-policy","status":"publish","type":"page","link":"https:\/\/taomedia.it\/index.php\/privacy-policy\/","title":{"rendered":"Privacy Policy"},"content":{"rendered":"\t\t<div data-elementor-type=\"wp-page\" data-elementor-id=\"3\" class=\"elementor elementor-3\">\n\t\t\t\t\t\t\t\t\t<section data-marvy_enable_drop_animation=\"false\" data-marvy_enable_fancy_rotate=\"false\" data-marvy_enable_flying_object=\"false\" data-marvy_enable_ripples_animation=\"false\" data-marvy_enable_waves_animation=\"false\" data-marvy_enable_rings_animation=\"false\" data-marvy_enable_topology_animation=\"false\" data-marvy_enable_gradient_animation=\"false\" data-marvy_enable_snow_animation=\"false\" data-marvy_enable_firework_animation=\"false\" data-marvy_enable_cloud_animation=\"false\" class=\"elementor-section elementor-top-section elementor-element elementor-element-140b9c8c elementor-section-boxed elementor-section-height-default elementor-section-height-default\" data-id=\"140b9c8c\" data-element_type=\"section\" data-settings=\"{&quot;background_background&quot;:&quot;classic&quot;}\">\n\t\t\t\t\t\t<div class=\"elementor-container elementor-column-gap-default\">\n\t\t\t\t\t<div class=\"elementor-column elementor-col-100 elementor-top-column elementor-element elementor-element-769b2647\" data-id=\"769b2647\" data-element_type=\"column\">\n\t\t\t<div class=\"elementor-widget-wrap elementor-element-populated\">\n\t\t\t\t\t\t\t\t<div class=\"elementor-element elementor-element-e0be0b1 elementor-widget elementor-widget-heading\" data-id=\"e0be0b1\" data-element_type=\"widget\" data-widget_type=\"heading.default\">\n\t\t\t\t<div class=\"elementor-widget-container\">\n\t\t\t<style>\/*! elementor - v3.9.0 - 06-12-2022 *\/\n.elementor-heading-title{padding:0;margin:0;line-height:1}.elementor-widget-heading .elementor-heading-title[class*=elementor-size-]>a{color:inherit;font-size:inherit;line-height:inherit}.elementor-widget-heading .elementor-heading-title.elementor-size-small{font-size:15px}.elementor-widget-heading .elementor-heading-title.elementor-size-medium{font-size:19px}.elementor-widget-heading .elementor-heading-title.elementor-size-large{font-size:29px}.elementor-widget-heading .elementor-heading-title.elementor-size-xl{font-size:39px}.elementor-widget-heading .elementor-heading-title.elementor-size-xxl{font-size:59px}<\/style><h2 class=\"elementor-heading-title elementor-size-default\">Privacy policy <\/h2>\t\t<\/div>\n\t\t\t\t<\/div>\n\t\t\t\t<div class=\"elementor-element elementor-element-b577c6d elementor-widget elementor-widget-text-editor\" data-id=\"b577c6d\" data-element_type=\"widget\" data-widget_type=\"text-editor.default\">\n\t\t\t\t<div class=\"elementor-widget-container\">\n\t\t\t<style>\/*! elementor - v3.9.0 - 06-12-2022 *\/\n.elementor-widget-text-editor.elementor-drop-cap-view-stacked .elementor-drop-cap{background-color:#818a91;color:#fff}.elementor-widget-text-editor.elementor-drop-cap-view-framed .elementor-drop-cap{color:#818a91;border:3px solid;background-color:transparent}.elementor-widget-text-editor:not(.elementor-drop-cap-view-default) .elementor-drop-cap{margin-top:8px}.elementor-widget-text-editor:not(.elementor-drop-cap-view-default) .elementor-drop-cap-letter{width:1em;height:1em}.elementor-widget-text-editor .elementor-drop-cap{float:left;text-align:center;line-height:1;font-size:50px}.elementor-widget-text-editor .elementor-drop-cap-letter{display:inline-block}<\/style>\t\t\t\t<p>Questa informativa riguarda il trattamento dei tuoi dati personali. Ti invitiamo a leggerla con attenzione per esserne pienamente informato e consapevole.<\/p><h2>\u00a0<\/h2><h2><strong>1.0 Dati che raccogliamo<\/strong><\/h2><p>Quando visiti il nostro sito o utilizzi i nostri servizi possiamo trattare i seguenti dati:\u00a0<\/p><ul><li><p><u>Dati che ci fornisci tu<\/u>. Puoi fornirci dati quando comunichi con noi tramite le modalit\u00e0 previste dal nostro sito. Ad esempio, se attivi un account ti viene richiesto di fornire alcuni dati, come nome, indirizzo mail, nome utente, password, nome dell\u2019azienda, occupazione e numero di telefono. Se acquisti uno dei nostri servizi a pagamento, dovrai fornirci anche i tuoi dati di fatturazione. Altri dati, ad esempio le informazioni di contatto, il tuo titolo professionale o i tuoi feedback, potranno essere raccolti quando partecipi ai nostri eventi o prendi parte ai nostri sondaggi o ad altre interazioni commerciali o di marketing.<\/p><\/li><li><p><u>Dati di navigazione<\/u>. Quando visiti il nostro sito raccogliamo in via automatica dati riguardanti il traffico telematico che per loro natura non sono immediatamente associabili ad interessati identificati, ma tramite elaborazioni o associazioni con dati detenuti da terzi potrebbero consentire di identificare i visitatori del sito (ad esempio, indirizzi IP, tipo di browser e di sistema operativo utilizzato, orario di richiesta di accesso alle pagine web). Questi dati vengono utilizzati, in forma aggregata e anonima, solamente per finalit\u00e0 statistiche relative alle visite del nostro sito o per verificare la sua corretta funzionalit\u00e0.<\/p><\/li><li><p><u>Dati relativi ai servizi<\/u>. Quando utilizzi i nostri servizi raccogliamo in via automatica dati riguardanti il loro utilizzo, ad esempio indirizzi IP, tipi di browser, tipi di dispositivo, file di registro e altri dati relativi al sistema e alla connessione. Raccogliamo in forma aggregata e anonima dati su come accedi e utilizzi i servizi, ad esempio quali pagine sono visualizzate e quali funzionalit\u00e0 dei servizi sono utilizzate. Questi dati ci consentono di migliorare il contenuto e il funzionamento dei nostri servizi.<\/p><\/li><li><p><u>Dati che riceviamo da terze parti<\/u>. Potremmo occasionalmente accedere ai tuoi dati tramite terze parti (ad esempio, fornitori, partner, sponsor o piattaforme di social media), previa verifica che abbiano ottenuto il tuo consenso a trasmetterci i tuoi dati o che tu abbia acconsentito alla divulgazione dei tuoi dati. I dati che possiamo raccogliere da terze parti includono nome, titolo, ragione sociale, titolo professionale, numero di telefono o indirizzo e-mail e utilizziamo i dati che riceviamo da terze parti per migliorare l\u2019accuratezza dei tuoi dati e le offerte di marketing.<\/p><\/li><\/ul><h2>\u00a0<\/h2><h2><strong>1.1 Uso dei dati<\/strong><\/h2><p>I dati che raccogliamo possono essere da noi utilizzati per le seguenti finalit\u00e0:<\/p><ul><li><p>Per gestire le nostre piattaforme e la sicurezza dei nostri sistemi informatici<\/p><\/li><li><p>Per ottenere statistiche sull\u2019accesso al nostro sito e sull\u2019uso dei nostri servizi<\/p><\/li><li><p>Per effettuare attivit\u00e0 di ricerca e sviluppo al fine di migliorare il nostro sito e i nostri servizi<\/p><\/li><li><p>Per gestire gli ordini e la fatturazione dei nostri servizi<\/p><\/li><li><p>Per fornire, gestire, ottimizzare e per la manutenzione dei nostri servizi<\/p><\/li><li><p>Per gestire le richieste di assistenza e fornire informazioni e accesso alle risorse o ai servizi<\/p><\/li><li><p>Per inviare comunicazioni tecniche, reports, aggiornamenti o notifiche di sicurezza<\/p><\/li><li><p>Per inviare comunicazioni di marketing<\/p><\/li><li><p>Per prevenire frodi, uso non autorizzato o altre condotte illecite relative al nostro sito o ai servizi<\/p><\/li><\/ul><p>\u00a0<\/p><p>Quando visiti il nostro sito la base giuridica del trattamento dei tuoi dati \u00e8 quella di fornirti gli strumenti necessari per visitare il sito ed accedere alle funzionalit\u00e0 messe a disposizione. Quando utilizzi i nostri servizi la base giuridica \u00e8 quella di eseguire un servizio da te richiesto.<\/p><p>Non effettueremo alcun processo decisionale automatizzato, n\u00e9 alcuna forma di profilazione.<\/p><h3>\u00a0<\/h3><h2><strong>1.2 Condivisione dei dati<\/strong><\/h2><p>I tuoi dati potrebbero essere comunicati alle seguenti categorie di destinatari:<\/p><ul><li><p>Ai nostri fornitori che necessitano di accedere ai tuoi dati per fornire attivit\u00e0 di assistenza<\/p><\/li><li><p>Ai nostri partner e sponsor quando i nostri servizi sono realizzati, in tutto o in parte, insieme a loro. In questi casi, faremo in modo che i partner o sponsor siano chiaramente visibili e che tu abbia l\u2019opportunit\u00e0 di non accettare. Il trattamento di questi dati, se da te autorizzato, avverr\u00e0 secondo le modalit\u00e0 che ti verranno indicate dai nostri partner o sponsor<\/p><\/li><li><p>Ai nostri partner pubblicitari al fine di inviarti segnalazioni relative a prodotti e servizi che possono essere di tuo interesse<\/p><\/li><li><p>Agli inserzionisti di terze parti quando accedi agli annunci pubblicitari visualizzati sul nostro sito o sui nostri servizi. Se non desideri che terze parti trattino i tuoi dati, dovrai evitare di accedere a questi annunci<\/p><\/li><li><p>A terzi in genere, laddove richiesto dalla legge o dall\u2019autorit\u00e0 giudiziaria, in relazione alla vendita, cessione, fusione, fallimento, ristrutturazione o altra riorganizzazione della nostra societ\u00e0, per tutelare i nostri diritti o interessi legittimi, per accertare eventuali violazioni commesse tramite il nostro sito o i nostri servizi o per proteggere interessi vitali di terzi, etc.<\/p><\/li><\/ul><h2>\u00a0<\/h2><h2><strong>1.3 Siti di terze parti<\/strong><\/h2><p>Il nostro sito o i nostri servizi possono contenere collegamenti a siti web o servizi di terze parti o ad altri contenuti che collegano a siti web di terze parti, sui quali la nostra societ\u00e0 non pu\u00f2 esercitare alcun controllo circa il rispetto della normativa sul trattamento dei dati personali. In questi casi sar\u00e0 tua cura verificare le informazioni fornite a tale riguardo da terze parti.<\/p><h2>\u00a0<\/h2><h2><strong>1.4 Trasferimento di dati all&#8217;estero<\/strong><\/h2><p>\u00a0I tuoi dati potranno essere da noi trasferiti a responsabili esterni che si occupano per conto nostro di attivit\u00e0 necessarie al funzionamento del nostro sito o dei nostri servizi e, in particolare, delle attivit\u00e0 di hosting dei dati personali e dei nostri servizi. Questi fornitori potranno essere situati in altri Paesi all\u2019interno dell\u2019Unione Europea o negli U.S.A. In quest\u2019ultimo caso, solamente a fornitori certificati ai sensi del Privacy Shield o comunque muniti di ogni altro requisito richiesto per garantire un livello di protezione adeguato alle disposizioni del Regolamento (UE) 2016\/679. \u00a0<\/p><h2>\u00a0<\/h2><h2><strong>1.5 Conservazione dei dati<\/strong><\/h2><p>I tuoi dati verranno da noi conservati per il tempo strettamente necessario al raggiungimento delle finalit\u00e0 del trattamento qui previste, a meno che non sia richiesto o consentito dalla legge un periodo di conservazione pi\u00f9 lungo, oppure la conservazione sia necessaria per documentare lo svolgimento di queste attivit\u00e0 o per la tutela di ogni diritto comunque connesso al loro utilizzo.<\/p><h2>\u00a0<\/h2><h2><strong>1.6 Minori di 16 anni<\/strong><\/h2><p>La visita del sito e l\u2019utilizzo dei nostri servizi non sono rivolti ai minori di 16 anni, i quali devono quindi astenersi dall\u2019utilizzarli. Il trattamento dei loro dati ai sensi di quanto qui previsto \u00e8 escluso e, da parte nostra, faremo quanto possibile, laddove dipenda da noi, per evitare la raccolta di tali dati. Ci\u00f2 a meno che il consenso al trattamento dei dati del minore non venga prestato o autorizzato dal titolare della responsabilit\u00e0 genitoriale.<\/p><h2>\u00a0<\/h2><h2><strong>1.7 Sicurezza dei dati<\/strong><\/h2><p>Siamo continuamente impegnati a proteggere i tuoi dati e ad adottare misure tecniche e organizzative che siano conformi alla normativa vigente in materia di protezione dei dati personali. Ulteriori informazioni sulla sicurezza sono disponibili alla pagina https:\/\/www.radiotaormina.com\/privacy del nostro sito.<\/p><h2>\u00a0<\/h2><h2><strong>1.8 Quali sono i tuoi diritti<\/strong><\/h2><p>Hai il diritto di chiederci l\u2019accesso ai tuoi dati e di ricevere una copia dei tuoi dati che sono oggetto di trattamento da parte nostra.<\/p><p>Hai il diritto di chiederci la rettifica o la cancellazione (diritto all\u2019oblio) dei tuoi dati o la limitazione dei trattamenti che ti riguardano o di opporti al trattamento dei tuoi dati.<\/p><p>Hai il diritto di ricevere in un formato strutturato, di uso comune e leggibile da dispositivo automatico i dati che ti riguardano (diritto alla portabilit\u00e0 dei dati).<\/p><p>Quando il trattamento dei dati \u00e8 basato sul tuo consenso, hai il diritto di revocare il tuo consenso in qualsiasi momento senza pregiudicare la liceit\u00e0 del trattamento basata sul consenso prestato prima della revoca. Ti segnaliamo tuttavia che la revoca del trattamento dei dati, cos\u00ec come in generale la mancata comunicazione dei tuoi dati, potr\u00e0 impedire in tutto o in parte la tua navigazione nel sito o l\u2019esecuzione nei tuoi confronti dei servizi da parte della nostra societ\u00e0.<\/p><p>Nel caso tu ritenga che il trattamento dei tuoi dati personali da parte nostra violi le disposizioni del Regolamento (UE) 2016\/679, puoi presentare un reclamo al Garante per la Protezione dei Dati Personali (www.garanteprivacy.it).<\/p><h2>\u00a0<\/h2><h2><strong>1.9 Titolare del trattamento<\/strong><\/h2><p>Il titolare del trattamento \u00e8 Taomedia Soc. Coop. con sede in Pagliara, via Risorgimento 180 Codice fiscale e Partita IVA 03207890835 Email\u00a0privacy@radiotaormina.com.\u00a0Il Responsabile della protezione dei dati (DPO) pu\u00f2 essere contattato all\u2019indirizzo Email\u00a0dpo@radiotaormina.com.<\/p>\t\t\t\t\t\t<\/div>\n\t\t\t\t<\/div>\n\t\t\t\t<div class=\"elementor-element elementor-element-5a3d6ad elementor-widget elementor-widget-text-editor\" data-id=\"5a3d6ad\" data-element_type=\"widget\" data-widget_type=\"text-editor.default\">\n\t\t\t\t<div class=\"elementor-widget-container\">\n\t\t\t\t\t\t\t<p><a href=\"https:\/\/taomedia.it\/\">torna alla Homepage &gt;<\/a><\/p>\t\t\t\t\t\t<\/div>\n\t\t\t\t<\/div>\n\t\t\t\t\t<\/div>\n\t\t<\/div>\n\t\t\t\t\t\t\t<\/div>\n\t\t<\/section>\n\t\t\t\t\t\t\t<\/div>\n\t\t","protected":false},"excerpt":{"rendered":"<p>Privacy policy Questa informativa riguarda il trattamento dei tuoi dati personali. Ti invitiamo a leggerla con attenzione per esserne pienamente informato e consapevole. \u00a0 1.0 Dati che raccogliamo Quando visiti il nostro sito o utilizzi i nostri servizi possiamo trattare i seguenti dati:\u00a0 Dati che ci fornisci tu. Puoi fornirci dati quando comunichi con noi [&hellip;]<\/p>\n","protected":false},"author":1,"featured_media":0,"parent":0,"menu_order":0,"comment_status":"closed","ping_status":"open","template":"","meta":{"footnotes":""},"class_list":["post-3","page","type-page","status-publish","hentry"],"yoast_head":"<!-- This site is optimized with the Yoast SEO plugin v19.11 - https:\/\/yoast.com\/wordpress\/plugins\/seo\/ -->\r\n<title>Privacy Policy - Taomedia<\/title>\r\n<meta name=\"robots\" content=\"index, follow, max-snippet:-1, max-image-preview:large, max-video-preview:-1\" \/>\r\n<link rel=\"canonical\" href=\"https:\/\/taomedia.it\/index.php\/privacy-policy\/\" \/>\r\n<meta property=\"og:locale\" content=\"it_IT\" \/>\r\n<meta property=\"og:type\" content=\"article\" \/>\r\n<meta property=\"og:title\" content=\"Privacy Policy - Taomedia\" \/>\r\n<meta property=\"og:description\" content=\"Privacy policy Questa informativa riguarda il trattamento dei tuoi dati personali. Ti invitiamo a leggerla con attenzione per esserne pienamente informato e consapevole. \u00a0 1.0 Dati che raccogliamo Quando visiti il nostro sito o utilizzi i nostri servizi possiamo trattare i seguenti dati:\u00a0 Dati che ci fornisci tu. Puoi fornirci dati quando comunichi con noi [&hellip;]\" \/>\r\n<meta property=\"og:url\" content=\"https:\/\/taomedia.it\/index.php\/privacy-policy\/\" \/>\r\n<meta property=\"og:site_name\" content=\"Taomedia\" \/>\r\n<meta property=\"article:modified_time\" content=\"2022-12-07T11:36:03+00:00\" \/>\r\n<meta name=\"twitter:card\" content=\"summary_large_image\" \/>\r\n<meta name=\"twitter:label1\" content=\"Tempo di lettura stimato\" \/>\n\t<meta name=\"twitter:data1\" content=\"8 minuti\" \/>\r\n<script type=\"application\/ld+json\" class=\"yoast-schema-graph\">{\"@context\":\"https:\/\/schema.org\",\"@graph\":[{\"@type\":\"WebPage\",\"@id\":\"https:\/\/taomedia.it\/index.php\/privacy-policy\/\",\"url\":\"https:\/\/taomedia.it\/index.php\/privacy-policy\/\",\"name\":\"Privacy Policy - Taomedia\",\"isPartOf\":{\"@id\":\"https:\/\/taomedia.it\/#website\"},\"datePublished\":\"2022-04-21T07:11:04+00:00\",\"dateModified\":\"2022-12-07T11:36:03+00:00\",\"breadcrumb\":{\"@id\":\"https:\/\/taomedia.it\/index.php\/privacy-policy\/#breadcrumb\"},\"inLanguage\":\"it-IT\",\"potentialAction\":[{\"@type\":\"ReadAction\",\"target\":[\"https:\/\/taomedia.it\/index.php\/privacy-policy\/\"]}]},{\"@type\":\"BreadcrumbList\",\"@id\":\"https:\/\/taomedia.it\/index.php\/privacy-policy\/#breadcrumb\",\"itemListElement\":[{\"@type\":\"ListItem\",\"position\":1,\"name\":\"Home\",\"item\":\"https:\/\/taomedia.it\/\"},{\"@type\":\"ListItem\",\"position\":2,\"name\":\"Privacy Policy\"}]},{\"@type\":\"WebSite\",\"@id\":\"https:\/\/taomedia.it\/#website\",\"url\":\"https:\/\/taomedia.it\/\",\"name\":\"Taomedia\",\"description\":\"A digital media company\",\"publisher\":{\"@id\":\"https:\/\/taomedia.it\/#organization\"},\"potentialAction\":[{\"@type\":\"SearchAction\",\"target\":{\"@type\":\"EntryPoint\",\"urlTemplate\":\"https:\/\/taomedia.it\/?s={search_term_string}\"},\"query-input\":\"required name=search_term_string\"}],\"inLanguage\":\"it-IT\"},{\"@type\":\"Organization\",\"@id\":\"https:\/\/taomedia.it\/#organization\",\"name\":\"Taomedia\",\"url\":\"https:\/\/taomedia.it\/\",\"logo\":{\"@type\":\"ImageObject\",\"inLanguage\":\"it-IT\",\"@id\":\"https:\/\/taomedia.it\/#\/schema\/logo\/image\/\",\"url\":\"https:\/\/taomedia.it\/wp-content\/uploads\/2022\/04\/cropped-Risorsa-4.png\",\"contentUrl\":\"https:\/\/taomedia.it\/wp-content\/uploads\/2022\/04\/cropped-Risorsa-4.png\",\"width\":408,\"height\":69,\"caption\":\"Taomedia\"},\"image\":{\"@id\":\"https:\/\/taomedia.it\/#\/schema\/logo\/image\/\"}}]}<\/script>\r\n<!-- \/ Yoast SEO plugin. -->","yoast_head_json":{"title":"Privacy Policy - Taomedia","robots":{"index":"index","follow":"follow","max-snippet":"max-snippet:-1","max-image-preview":"max-image-preview:large","max-video-preview":"max-video-preview:-1"},"canonical":"https:\/\/taomedia.it\/index.php\/privacy-policy\/","og_locale":"it_IT","og_type":"article","og_title":"Privacy Policy - Taomedia","og_description":"Privacy policy Questa informativa riguarda il trattamento dei tuoi dati personali. Ti invitiamo a leggerla con attenzione per esserne pienamente informato e consapevole. \u00a0 1.0 Dati che raccogliamo Quando visiti il nostro sito o utilizzi i nostri servizi possiamo trattare i seguenti dati:\u00a0 Dati che ci fornisci tu. Puoi fornirci dati quando comunichi con noi [&hellip;]","og_url":"https:\/\/taomedia.it\/index.php\/privacy-policy\/","og_site_name":"Taomedia","article_modified_time":"2022-12-07T11:36:03+00:00","twitter_card":"summary_large_image","twitter_misc":{"Tempo di lettura stimato":"8 minuti"},"schema":{"@context":"https:\/\/schema.org","@graph":[{"@type":"WebPage","@id":"https:\/\/taomedia.it\/index.php\/privacy-policy\/","url":"https:\/\/taomedia.it\/index.php\/privacy-policy\/","name":"Privacy Policy - Taomedia","isPartOf":{"@id":"https:\/\/taomedia.it\/#website"},"datePublished":"2022-04-21T07:11:04+00:00","dateModified":"2022-12-07T11:36:03+00:00","breadcrumb":{"@id":"https:\/\/taomedia.it\/index.php\/privacy-policy\/#breadcrumb"},"inLanguage":"it-IT","potentialAction":[{"@type":"ReadAction","target":["https:\/\/taomedia.it\/index.php\/privacy-policy\/"]}]},{"@type":"BreadcrumbList","@id":"https:\/\/taomedia.it\/index.php\/privacy-policy\/#breadcrumb","itemListElement":[{"@type":"ListItem","position":1,"name":"Home","item":"https:\/\/taomedia.it\/"},{"@type":"ListItem","position":2,"name":"Privacy Policy"}]},{"@type":"WebSite","@id":"https:\/\/taomedia.it\/#website","url":"https:\/\/taomedia.it\/","name":"Taomedia","description":"A digital media company","publisher":{"@id":"https:\/\/taomedia.it\/#organization"},"potentialAction":[{"@type":"SearchAction","target":{"@type":"EntryPoint","urlTemplate":"https:\/\/taomedia.it\/?s={search_term_string}"},"query-input":"required name=search_term_string"}],"inLanguage":"it-IT"},{"@type":"Organization","@id":"https:\/\/taomedia.it\/#organization","name":"Taomedia","url":"https:\/\/taomedia.it\/","logo":{"@type":"ImageObject","inLanguage":"it-IT","@id":"https:\/\/taomedia.it\/#\/schema\/logo\/image\/","url":"https:\/\/taomedia.it\/wp-content\/uploads\/2022\/04\/cropped-Risorsa-4.png","contentUrl":"https:\/\/taomedia.it\/wp-content\/uploads\/2022\/04\/cropped-Risorsa-4.png","width":408,"height":69,"caption":"Taomedia"},"image":{"@id":"https:\/\/taomedia.it\/#\/schema\/logo\/image\/"}}]}},"_links":{"self":[{"href":"https:\/\/taomedia.it\/index.php\/wp-json\/wp\/v2\/pages\/3","targetHints":{"allow":["GET"]}}],"collection":[{"href":"https:\/\/taomedia.it\/index.php\/wp-json\/wp\/v2\/pages"}],"about":[{"href":"https:\/\/taomedia.it\/index.php\/wp-json\/wp\/v2\/types\/page"}],"author":[{"embeddable":true,"href":"https:\/\/taomedia.it\/index.php\/wp-json\/wp\/v2\/users\/1"}],"replies":[{"embeddable":true,"href":"https:\/\/taomedia.it\/index.php\/wp-json\/wp\/v2\/comments?post=3"}],"version-history":[{"count":27,"href":"https:\/\/taomedia.it\/index.php\/wp-json\/wp\/v2\/pages\/3\/revisions"}],"predecessor-version":[{"id":4989,"href":"https:\/\/taomedia.it\/index.php\/wp-json\/wp\/v2\/pages\/3\/revisions\/4989"}],"wp:attachment":[{"href":"https:\/\/taomedia.it\/index.php\/wp-json\/wp\/v2\/media?parent=3"}],"curies":[{"name":"wp","href":"https:\/\/api.w.org\/{rel}","templated":true}]}}